{"id":573,"date":"2025-10-10T18:09:40","date_gmt":"2025-10-10T18:09:40","guid":{"rendered":"https:\/\/kitdeinicio.com\/canteras\/?page_id=573"},"modified":"2025-11-25T14:52:16","modified_gmt":"2025-11-25T13:52:16","slug":"fabricante-carbonato-calcico","status":"publish","type":"page","link":"https:\/\/kitdeinicio.com\/canteras\/productos\/fabricante-carbonato-calcico\/","title":{"rendered":"Fabricante de carbonato c\u00e1lcico"},"content":{"rendered":"\t\t<div data-elementor-type=\"wp-page\" data-elementor-id=\"573\" class=\"elementor elementor-573\" data-elementor-post-type=\"page\">\n\t\t\t\t\t\t<section class=\"elementor-section elementor-top-section elementor-element elementor-element-b7ba6bc elementor-section-stretched elementor-section-height-min-height elementor-section-items-stretch elementor-section-boxed elementor-section-height-default\" data-id=\"b7ba6bc\" data-element_type=\"section\" data-e-type=\"section\" data-settings=\"{&quot;background_background&quot;:&quot;classic&quot;,&quot;shape_divider_bottom&quot;:&quot;mountains&quot;,&quot;stretch_section&quot;:&quot;section-stretched&quot;}\">\n\t\t\t\t\t\t\t<div class=\"elementor-background-overlay\"><\/div>\n\t\t\t\t\t\t<div class=\"elementor-shape elementor-shape-bottom\" aria-hidden=\"true\" data-negative=\"false\">\n\t\t\t<svg xmlns=\"http:\/\/www.w3.org\/2000\/svg\" viewBox=\"0 0 1000 100\" preserveAspectRatio=\"none\">\n\t<path class=\"elementor-shape-fill\" opacity=\"0.33\" d=\"M473,67.3c-203.9,88.3-263.1-34-320.3,0C66,119.1,0,59.7,0,59.7V0h1000v59.7 c0,0-62.1,26.1-94.9,29.3c-32.8,3.3-62.8-12.3-75.8-22.1C806,49.6,745.3,8.7,694.9,4.7S492.4,59,473,67.3z\"\/>\n\t<path class=\"elementor-shape-fill\" opacity=\"0.66\" d=\"M734,67.3c-45.5,0-77.2-23.2-129.1-39.1c-28.6-8.7-150.3-10.1-254,39.1 s-91.7-34.4-149.2,0C115.7,118.3,0,39.8,0,39.8V0h1000v36.5c0,0-28.2-18.5-92.1-18.5C810.2,18.1,775.7,67.3,734,67.3z\"\/>\n\t<path class=\"elementor-shape-fill\" d=\"M766.1,28.9c-200-57.5-266,65.5-395.1,19.5C242,1.8,242,5.4,184.8,20.6C128,35.8,132.3,44.9,89.9,52.5C28.6,63.7,0,0,0,0 h1000c0,0-9.9,40.9-83.6,48.1S829.6,47,766.1,28.9z\"\/>\n<\/svg>\t\t<\/div>\n\t\t\t\t\t<div class=\"elementor-container elementor-column-gap-default\">\n\t\t\t\t\t<div class=\"elementor-column elementor-col-50 elementor-top-column elementor-element elementor-element-eee18ad\" data-id=\"eee18ad\" data-element_type=\"column\" data-e-type=\"column\">\n\t\t\t<div class=\"elementor-widget-wrap elementor-element-populated\">\n\t\t\t\t\t\t<div class=\"elementor-element elementor-element-d920970 elementor-tablet-align-center elementor-widget elementor-widget-breadcrumbs\" data-id=\"d920970\" data-element_type=\"widget\" data-e-type=\"widget\" data-widget_type=\"breadcrumbs.default\">\n\t\t\t\t\t<nav id=\"breadcrumbs\"><span><span><a href=\"https:\/\/kitdeinicio.com\/canteras\/\">Portada<\/a><\/span><\/span><\/nav>\t\t\t\t<\/div>\n\t\t\t\t<div class=\"elementor-element elementor-element-bcbd391 elementor-invisible elementor-widget elementor-widget-heading\" data-id=\"bcbd391\" data-element_type=\"widget\" data-e-type=\"widget\" data-settings=\"{&quot;_animation&quot;:&quot;fadeInUp&quot;,&quot;_animation_delay&quot;:200}\" data-widget_type=\"heading.default\">\n\t\t\t\t\t<h1 class=\"elementor-heading-title elementor-size-default\">Fabricante de Carbonato C\u00e1lcico (filler) en La Rioja y alrededores<\/h1>\t\t\t\t<\/div>\n\t\t\t\t<section class=\"elementor-section elementor-inner-section elementor-element elementor-element-bab863b elementor-section-boxed elementor-section-height-default elementor-section-height-default\" data-id=\"bab863b\" data-element_type=\"section\" data-e-type=\"section\">\n\t\t\t\t\t\t<div class=\"elementor-container elementor-column-gap-default\">\n\t\t\t\t\t<div class=\"elementor-column elementor-col-100 elementor-inner-column elementor-element elementor-element-426f348\" data-id=\"426f348\" data-element_type=\"column\" data-e-type=\"column\">\n\t\t\t<div class=\"elementor-widget-wrap elementor-element-populated\">\n\t\t\t\t\t\t<div class=\"elementor-element elementor-element-b630f22 elementor-align-left elementor-mobile-align-center elementor-tablet-align-center elementor-widget elementor-widget-button\" data-id=\"b630f22\" data-element_type=\"widget\" data-e-type=\"widget\" data-widget_type=\"button.default\">\n\t\t\t\t\t\t\t\t\t\t<a class=\"elementor-button elementor-button-link elementor-size-sm\" href=\"#producto\">\n\t\t\t\t\t\t<span class=\"elementor-button-content-wrapper\">\n\t\t\t\t\t\t\t\t\t<span class=\"elementor-button-text\">Ver producto<\/span>\n\t\t\t\t\t<\/span>\n\t\t\t\t\t<\/a>\n\t\t\t\t\t\t\t\t<\/div>\n\t\t\t\t\t<\/div>\n\t\t<\/div>\n\t\t\t\t\t<\/div>\n\t\t<\/section>\n\t\t\t\t\t<\/div>\n\t\t<\/div>\n\t\t\t\t<div class=\"elementor-column elementor-col-50 elementor-top-column elementor-element elementor-element-b040fae\" data-id=\"b040fae\" data-element_type=\"column\" data-e-type=\"column\">\n\t\t\t<div class=\"elementor-widget-wrap\">\n\t\t\t\t\t\t\t<\/div>\n\t\t<\/div>\n\t\t\t\t\t<\/div>\n\t\t<\/section>\n\t\t\t\t<section class=\"elementor-section elementor-top-section elementor-element elementor-element-31ba650 elementor-section-stretched elementor-section-boxed elementor-section-height-default elementor-section-height-default\" data-id=\"31ba650\" data-element_type=\"section\" data-e-type=\"section\" data-settings=\"{&quot;stretch_section&quot;:&quot;section-stretched&quot;,&quot;background_background&quot;:&quot;gradient&quot;}\">\n\t\t\t\t\t\t\t<div class=\"elementor-background-overlay\"><\/div>\n\t\t\t\t\t\t\t<div class=\"elementor-container elementor-column-gap-no\">\n\t\t\t\t\t<div class=\"elementor-column elementor-col-100 elementor-top-column elementor-element elementor-element-1498a04\" data-id=\"1498a04\" data-element_type=\"column\" data-e-type=\"column\">\n\t\t\t<div class=\"elementor-widget-wrap elementor-element-populated\">\n\t\t\t\t\t\t<section class=\"elementor-section elementor-inner-section elementor-element elementor-element-5e706ef elementor-reverse-tablet elementor-reverse-mobile elementor-section-boxed elementor-section-height-default elementor-section-height-default\" data-id=\"5e706ef\" data-element_type=\"section\" data-e-type=\"section\" id=\"producto\">\n\t\t\t\t\t\t<div class=\"elementor-container elementor-column-gap-default\">\n\t\t\t\t\t<div class=\"elementor-column elementor-col-50 elementor-inner-column elementor-element elementor-element-c4e60d1\" data-id=\"c4e60d1\" data-element_type=\"column\" data-e-type=\"column\">\n\t\t\t<div class=\"elementor-widget-wrap elementor-element-populated\">\n\t\t\t\t\t\t<div class=\"elementor-element elementor-element-e29414f elementor-widget elementor-widget-image\" data-id=\"e29414f\" data-element_type=\"widget\" data-e-type=\"widget\" data-widget_type=\"image.default\">\n\t\t\t\t\t\t\t\t\t\t\t\t\t\t\t<img decoding=\"async\" src=\"https:\/\/kitdeinicio.com\/canteras\/wp-content\/uploads\/2025\/10\/Grupo-323.png\" title=\"Productor de carbonato c\u00e1lcico en La Rioja y alrededores\" alt=\"Distribuidor de carbonato c\u00e1lcico en La Rioja y alrededores\" loading=\"lazy\" \/>\t\t\t\t\t\t\t\t\t\t\t\t\t\t\t<\/div>\n\t\t\t\t\t<\/div>\n\t\t<\/div>\n\t\t\t\t<div class=\"elementor-column elementor-col-50 elementor-inner-column elementor-element elementor-element-fe34efb\" data-id=\"fe34efb\" data-element_type=\"column\" data-e-type=\"column\">\n\t\t\t<div class=\"elementor-widget-wrap elementor-element-populated\">\n\t\t\t\t\t\t<div class=\"elementor-element elementor-element-01067c3 elementor-invisible elementor-widget elementor-widget-heading\" data-id=\"01067c3\" data-element_type=\"widget\" data-e-type=\"widget\" data-settings=\"{&quot;_animation&quot;:&quot;fadeInUp&quot;}\" data-widget_type=\"heading.default\">\n\t\t\t\t\t<div class=\"elementor-heading-title elementor-size-default\">Un origen, muchos usos: construcci\u00f3n, agr\u00edcola e industrial<\/div>\t\t\t\t<\/div>\n\t\t\t\t<div class=\"elementor-element elementor-element-4f97cb6 elementor-invisible elementor-widget elementor-widget-heading\" data-id=\"4f97cb6\" data-element_type=\"widget\" data-e-type=\"widget\" data-settings=\"{&quot;_animation&quot;:&quot;fadeInUp&quot;,&quot;_animation_delay&quot;:200}\" data-widget_type=\"heading.default\">\n\t\t\t\t\t<h2 class=\"elementor-heading-title elementor-size-default\">Fabricamos y distribuimos carbonato c\u00e1lcico para diferentes usos<\/h2>\t\t\t\t<\/div>\n\t\t\t\t<div class=\"elementor-element elementor-element-ee82874 elementor-widget elementor-widget-text-editor\" data-id=\"ee82874\" data-element_type=\"widget\" data-e-type=\"widget\" data-widget_type=\"text-editor.default\">\n\t\t\t\t\t\t\t\t\t<p style=\"text-align: left;\">Carbonato c\u00e1lcico (filler) de alta pureza para construcci\u00f3n \u2014apto para mortero y hormig\u00f3n\u2014 y con usos agr\u00edcolas, ganaderos e industriales. Suministro regular y trazable en La Rioja, Navarra y \u00c1lava.<\/p><ul><li style=\"text-align: left;\"><strong>Alimentaci\u00f3n animal<\/strong><br \/>Inscritos en el Registro General de Establecimientos en el Sector de la Alimentaci\u00f3n Animal (RGSEAA) de La Rioja: N.\u00ba ESP 26 088 500.<\/li><li style=\"text-align: left;\"><strong>Aplicaciones<\/strong><ul><li><strong>Construcci\u00f3n:<\/strong> filler para mortero y hormig\u00f3n<\/li><li><strong>Agr\u00edcola:<\/strong> correcci\u00f3n\/ acondicionamiento de suelos<\/li><li><strong>Ganadero e industrial:<\/strong> enviamos materia prima.<\/li><\/ul><\/li><li><strong>Calidad y log\u00edstica<\/strong><ul><li style=\"text-align: left;\">Producci\u00f3n con control granulom\u00e9trico y de humedad<\/li><li style=\"text-align: left;\">Trazabilidad de lote y documentaci\u00f3n de calidad<\/li><li style=\"text-align: left;\">Planificaci\u00f3n de entrega programada a obra o planta<\/li><\/ul><\/li><\/ul>\t\t\t\t\t\t\t\t<\/div>\n\t\t<div class=\"elementor-element elementor-element-e81c1f1 e-flex e-con-boxed e-con e-parent\" data-id=\"e81c1f1\" data-element_type=\"container\" data-e-type=\"container\">\n\t\t\t\t\t<div class=\"e-con-inner\">\n\t\t\t\t<div class=\"elementor-element elementor-element-66161a0 elementor-align-left elementor-mobile-align-center elementor-widget elementor-widget-button\" data-id=\"66161a0\" data-element_type=\"widget\" data-e-type=\"widget\" data-widget_type=\"button.default\">\n\t\t\t\t\t\t\t\t\t\t<a class=\"elementor-button elementor-button-link elementor-size-sm\" href=\"https:\/\/kitdeinicio.com\/canteras\/contacto\/\">\n\t\t\t\t\t\t<span class=\"elementor-button-content-wrapper\">\n\t\t\t\t\t\t<span class=\"elementor-button-icon\">\n\t\t\t\t<svg aria-hidden=\"true\" class=\"e-font-icon-svg e-far-envelope\" viewBox=\"0 0 512 512\" xmlns=\"http:\/\/www.w3.org\/2000\/svg\"><path d=\"M464 64H48C21.49 64 0 85.49 0 112v288c0 26.51 21.49 48 48 48h416c26.51 0 48-21.49 48-48V112c0-26.51-21.49-48-48-48zm0 48v40.805c-22.422 18.259-58.168 46.651-134.587 106.49-16.841 13.247-50.201 45.072-73.413 44.701-23.208.375-56.579-31.459-73.413-44.701C106.18 199.465 70.425 171.067 48 152.805V112h416zM48 400V214.398c22.914 18.251 55.409 43.862 104.938 82.646 21.857 17.205 60.134 55.186 103.062 54.955 42.717.231 80.509-37.199 103.053-54.947 49.528-38.783 82.032-64.401 104.947-82.653V400H48z\"><\/path><\/svg>\t\t\t<\/span>\n\t\t\t\t\t\t\t\t\t<span class=\"elementor-button-text\">Contacta<\/span>\n\t\t\t\t\t<\/span>\n\t\t\t\t\t<\/a>\n\t\t\t\t\t\t\t\t<\/div>\n\t\t\t\t<div class=\"elementor-element elementor-element-9039dc3 elementor-align-left elementor-mobile-align-center elementor-widget elementor-widget-button\" data-id=\"9039dc3\" data-element_type=\"widget\" data-e-type=\"widget\" data-widget_type=\"button.default\">\n\t\t\t\t\t\t\t\t\t\t<a class=\"elementor-button elementor-button-link elementor-size-sm\" href=\"http:\/\/tel.+34941254010\" target=\"_blank\" rel=\"nofollow\">\n\t\t\t\t\t\t<span class=\"elementor-button-content-wrapper\">\n\t\t\t\t\t\t<span class=\"elementor-button-icon\">\n\t\t\t\t<svg aria-hidden=\"true\" class=\"e-font-icon-svg e-fas-phone-alt\" viewBox=\"0 0 512 512\" xmlns=\"http:\/\/www.w3.org\/2000\/svg\"><path d=\"M497.39 361.8l-112-48a24 24 0 0 0-28 6.9l-49.6 60.6A370.66 370.66 0 0 1 130.6 204.11l60.6-49.6a23.94 23.94 0 0 0 6.9-28l-48-112A24.16 24.16 0 0 0 122.6.61l-104 24A24 24 0 0 0 0 48c0 256.5 207.9 464 464 464a24 24 0 0 0 23.4-18.6l24-104a24.29 24.29 0 0 0-14.01-27.6z\"><\/path><\/svg>\t\t\t<\/span>\n\t\t\t\t\t\t\t\t\t<span class=\"elementor-button-text\">941 25 40 10<\/span>\n\t\t\t\t\t<\/span>\n\t\t\t\t\t<\/a>\n\t\t\t\t\t\t\t\t<\/div>\n\t\t\t\t\t<\/div>\n\t\t\t\t<\/div>\n\t\t\t\t\t<\/div>\n\t\t<\/div>\n\t\t\t\t\t<\/div>\n\t\t<\/section>\n\t\t\t\t\t<\/div>\n\t\t<\/div>\n\t\t\t\t\t<\/div>\n\t\t<\/section>\n\t\t\t\t<\/div>\n\t\t","protected":false},"excerpt":{"rendered":"<p>Fabricante de Carbonato C\u00e1lcico (filler) en La Rioja y alrededores Ver producto Un origen, muchos usos: construcci\u00f3n, agr\u00edcola e industrial [&hellip;]<\/p>\n","protected":false},"author":1,"featured_media":0,"parent":120,"menu_order":0,"comment_status":"closed","ping_status":"closed","template":"","meta":{"site-sidebar-layout":"default","site-content-layout":"","ast-site-content-layout":"default","site-content-style":"default","site-sidebar-style":"default","ast-global-header-display":"","ast-banner-title-visibility":"","ast-main-header-display":"","ast-hfb-above-header-display":"","ast-hfb-below-header-display":"","ast-hfb-mobile-header-display":"","site-post-title":"disabled","ast-breadcrumbs-content":"","ast-featured-img":"","footer-sml-layout":"","ast-disable-related-posts":"","theme-transparent-header-meta":"default","adv-header-id-meta":"","stick-header-meta":"","header-above-stick-meta":"","header-main-stick-meta":"","header-below-stick-meta":"","astra-migrate-meta-layouts":"set","ast-page-background-enabled":"default","ast-page-background-meta":{"desktop":{"background-color":"var(--ast-global-color-5)","background-image":"","background-repeat":"repeat","background-position":"center center","background-size":"auto","background-attachment":"scroll","background-type":"","background-media":"","overlay-type":"","overlay-color":"","overlay-opacity":"","overlay-gradient":""},"tablet":{"background-color":"","background-image":"","background-repeat":"repeat","background-position":"center center","background-size":"auto","background-attachment":"scroll","background-type":"","background-media":"","overlay-type":"","overlay-color":"","overlay-opacity":"","overlay-gradient":""},"mobile":{"background-color":"","background-image":"","background-repeat":"repeat","background-position":"center center","background-size":"auto","background-attachment":"scroll","background-type":"","background-media":"","overlay-type":"","overlay-color":"","overlay-opacity":"","overlay-gradient":""}},"ast-content-background-meta":{"desktop":{"background-color":"var(--ast-global-color-4)","background-image":"","background-repeat":"repeat","background-position":"center center","background-size":"auto","background-attachment":"scroll","background-type":"","background-media":"","overlay-type":"","overlay-color":"","overlay-opacity":"","overlay-gradient":""},"tablet":{"background-color":"var(--ast-global-color-4)","background-image":"","background-repeat":"repeat","background-position":"center center","background-size":"auto","background-attachment":"scroll","background-type":"","background-media":"","overlay-type":"","overlay-color":"","overlay-opacity":"","overlay-gradient":""},"mobile":{"background-color":"var(--ast-global-color-4)","background-image":"","background-repeat":"repeat","background-position":"center center","background-size":"auto","background-attachment":"scroll","background-type":"","background-media":"","overlay-type":"","overlay-color":"","overlay-opacity":"","overlay-gradient":""}},"footnotes":""},"class_list":["post-573","page","type-page","status-publish","hentry"],"yoast_head":"<!-- This site is optimized with the Yoast SEO plugin v27.4 - https:\/\/yoast.com\/product\/yoast-seo-wordpress\/ -->\n<title>Fabricante de carbonato c\u00e1lcico (filler) en La Rioja - Canteras Fernandez Pascual<\/title>\n<meta name=\"description\" content=\"Fabricamos y distribuimos carbonato c\u00e1lcico para diferentes usos. Filler para mortero y hormig\u00f3n. Usos agr\u00edcolas, ganaderos e industriales.\" \/>\n<meta name=\"robots\" content=\"index, follow, max-snippet:-1, max-image-preview:large, max-video-preview:-1\" \/>\n<link rel=\"canonical\" href=\"https:\/\/kitdeinicio.com\/canteras\/productos\/fabricante-carbonato-calcico\/\" \/>\n<meta property=\"og:locale\" content=\"es_ES\" \/>\n<meta property=\"og:type\" content=\"article\" \/>\n<meta property=\"og:title\" content=\"Fabricante de carbonato c\u00e1lcico (filler) en La Rioja - Canteras Fernandez Pascual\" \/>\n<meta property=\"og:description\" content=\"Fabricamos y distribuimos carbonato c\u00e1lcico para diferentes usos. Filler para mortero y hormig\u00f3n. Usos agr\u00edcolas, ganaderos e industriales.\" \/>\n<meta property=\"og:url\" content=\"https:\/\/kitdeinicio.com\/canteras\/productos\/fabricante-carbonato-calcico\/\" \/>\n<meta property=\"og:site_name\" content=\"Canteras Fernandez Pascual\" \/>\n<meta property=\"article:modified_time\" content=\"2025-11-25T13:52:16+00:00\" \/>\n<meta property=\"og:image\" content=\"https:\/\/kitdeinicio.com\/canteras\/wp-content\/uploads\/2025\/10\/Grupo-323.png\" \/>\n<meta name=\"twitter:card\" content=\"summary_large_image\" \/>\n<meta name=\"twitter:label1\" content=\"Tiempo de lectura\" \/>\n\t<meta name=\"twitter:data1\" content=\"1 minuto\" \/>\n<script type=\"application\/ld+json\" class=\"yoast-schema-graph\">{\"@context\":\"https:\\\/\\\/schema.org\",\"@graph\":[{\"@type\":\"WebPage\",\"@id\":\"https:\\\/\\\/kitdeinicio.com\\\/canteras\\\/productos\\\/fabricante-carbonato-calcico\\\/\",\"url\":\"https:\\\/\\\/kitdeinicio.com\\\/canteras\\\/productos\\\/fabricante-carbonato-calcico\\\/\",\"name\":\"Fabricante de carbonato c\u00e1lcico (filler) en La Rioja - Canteras Fernandez Pascual\",\"isPartOf\":{\"@id\":\"https:\\\/\\\/kitdeinicio.com\\\/canteras\\\/#website\"},\"primaryImageOfPage\":{\"@id\":\"https:\\\/\\\/kitdeinicio.com\\\/canteras\\\/productos\\\/fabricante-carbonato-calcico\\\/#primaryimage\"},\"image\":{\"@id\":\"https:\\\/\\\/kitdeinicio.com\\\/canteras\\\/productos\\\/fabricante-carbonato-calcico\\\/#primaryimage\"},\"thumbnailUrl\":\"https:\\\/\\\/kitdeinicio.com\\\/canteras\\\/wp-content\\\/uploads\\\/2025\\\/10\\\/Grupo-323.png\",\"datePublished\":\"2025-10-10T18:09:40+00:00\",\"dateModified\":\"2025-11-25T13:52:16+00:00\",\"description\":\"Fabricamos y distribuimos carbonato c\u00e1lcico para diferentes usos. Filler para mortero y hormig\u00f3n. Usos agr\u00edcolas, ganaderos e industriales.\",\"breadcrumb\":{\"@id\":\"https:\\\/\\\/kitdeinicio.com\\\/canteras\\\/productos\\\/fabricante-carbonato-calcico\\\/#breadcrumb\"},\"inLanguage\":\"es\",\"potentialAction\":[{\"@type\":\"ReadAction\",\"target\":[\"https:\\\/\\\/kitdeinicio.com\\\/canteras\\\/productos\\\/fabricante-carbonato-calcico\\\/\"]}]},{\"@type\":\"ImageObject\",\"inLanguage\":\"es\",\"@id\":\"https:\\\/\\\/kitdeinicio.com\\\/canteras\\\/productos\\\/fabricante-carbonato-calcico\\\/#primaryimage\",\"url\":\"https:\\\/\\\/kitdeinicio.com\\\/canteras\\\/wp-content\\\/uploads\\\/2025\\\/10\\\/Grupo-323.png\",\"contentUrl\":\"https:\\\/\\\/kitdeinicio.com\\\/canteras\\\/wp-content\\\/uploads\\\/2025\\\/10\\\/Grupo-323.png\",\"width\":410,\"height\":623,\"caption\":\"Distribuidor de carbonato c\u00e1lcico en La Rioja y alrededores\"},{\"@type\":\"BreadcrumbList\",\"@id\":\"https:\\\/\\\/kitdeinicio.com\\\/canteras\\\/productos\\\/fabricante-carbonato-calcico\\\/#breadcrumb\",\"itemListElement\":[{\"@type\":\"ListItem\",\"position\":1,\"name\":\"Portada\",\"item\":\"https:\\\/\\\/kitdeinicio.com\\\/canteras\\\/\"},{\"@type\":\"ListItem\",\"position\":2,\"name\":\"Productos\",\"item\":\"https:\\\/\\\/kitdeinicio.com\\\/canteras\\\/productos\\\/\"},{\"@type\":\"ListItem\",\"position\":3,\"name\":\"Fabricante de carbonato c\u00e1lcico\"}]},{\"@type\":\"WebSite\",\"@id\":\"https:\\\/\\\/kitdeinicio.com\\\/canteras\\\/#website\",\"url\":\"https:\\\/\\\/kitdeinicio.com\\\/canteras\\\/\",\"name\":\"Canteras Fernandez Pascual\",\"description\":\"Cantera de \u00e1ridos calizos en La Rioja\",\"publisher\":{\"@id\":\"https:\\\/\\\/kitdeinicio.com\\\/canteras\\\/#organization\"},\"potentialAction\":[{\"@type\":\"SearchAction\",\"target\":{\"@type\":\"EntryPoint\",\"urlTemplate\":\"https:\\\/\\\/kitdeinicio.com\\\/canteras\\\/?s={search_term_string}\"},\"query-input\":{\"@type\":\"PropertyValueSpecification\",\"valueRequired\":true,\"valueName\":\"search_term_string\"}}],\"inLanguage\":\"es\"},{\"@type\":\"Organization\",\"@id\":\"https:\\\/\\\/kitdeinicio.com\\\/canteras\\\/#organization\",\"name\":\"Canteras Fernandez Pascual\",\"url\":\"https:\\\/\\\/kitdeinicio.com\\\/canteras\\\/\",\"logo\":{\"@type\":\"ImageObject\",\"inLanguage\":\"es\",\"@id\":\"https:\\\/\\\/kitdeinicio.com\\\/canteras\\\/#\\\/schema\\\/logo\\\/image\\\/\",\"url\":\"https:\\\/\\\/kitdeinicio.com\\\/canteras\\\/wp-content\\\/uploads\\\/2025\\\/10\\\/canteras-Fernamdez-LOGO-1.png\",\"contentUrl\":\"https:\\\/\\\/kitdeinicio.com\\\/canteras\\\/wp-content\\\/uploads\\\/2025\\\/10\\\/canteras-Fernamdez-LOGO-1.png\",\"width\":146,\"height\":99,\"caption\":\"Canteras Fernandez Pascual\"},\"image\":{\"@id\":\"https:\\\/\\\/kitdeinicio.com\\\/canteras\\\/#\\\/schema\\\/logo\\\/image\\\/\"}}]}<\/script>\n<!-- \/ Yoast SEO plugin. -->","yoast_head_json":{"title":"Fabricante de carbonato c\u00e1lcico (filler) en La Rioja - Canteras Fernandez Pascual","description":"Fabricamos y distribuimos carbonato c\u00e1lcico para diferentes usos. Filler para mortero y hormig\u00f3n. Usos agr\u00edcolas, ganaderos e industriales.","robots":{"index":"index","follow":"follow","max-snippet":"max-snippet:-1","max-image-preview":"max-image-preview:large","max-video-preview":"max-video-preview:-1"},"canonical":"https:\/\/kitdeinicio.com\/canteras\/productos\/fabricante-carbonato-calcico\/","og_locale":"es_ES","og_type":"article","og_title":"Fabricante de carbonato c\u00e1lcico (filler) en La Rioja - Canteras Fernandez Pascual","og_description":"Fabricamos y distribuimos carbonato c\u00e1lcico para diferentes usos. Filler para mortero y hormig\u00f3n. Usos agr\u00edcolas, ganaderos e industriales.","og_url":"https:\/\/kitdeinicio.com\/canteras\/productos\/fabricante-carbonato-calcico\/","og_site_name":"Canteras Fernandez Pascual","article_modified_time":"2025-11-25T13:52:16+00:00","og_image":[{"url":"https:\/\/kitdeinicio.com\/canteras\/wp-content\/uploads\/2025\/10\/Grupo-323.png","type":"","width":"","height":""}],"twitter_card":"summary_large_image","twitter_misc":{"Tiempo de lectura":"1 minuto"},"schema":{"@context":"https:\/\/schema.org","@graph":[{"@type":"WebPage","@id":"https:\/\/kitdeinicio.com\/canteras\/productos\/fabricante-carbonato-calcico\/","url":"https:\/\/kitdeinicio.com\/canteras\/productos\/fabricante-carbonato-calcico\/","name":"Fabricante de carbonato c\u00e1lcico (filler) en La Rioja - Canteras Fernandez Pascual","isPartOf":{"@id":"https:\/\/kitdeinicio.com\/canteras\/#website"},"primaryImageOfPage":{"@id":"https:\/\/kitdeinicio.com\/canteras\/productos\/fabricante-carbonato-calcico\/#primaryimage"},"image":{"@id":"https:\/\/kitdeinicio.com\/canteras\/productos\/fabricante-carbonato-calcico\/#primaryimage"},"thumbnailUrl":"https:\/\/kitdeinicio.com\/canteras\/wp-content\/uploads\/2025\/10\/Grupo-323.png","datePublished":"2025-10-10T18:09:40+00:00","dateModified":"2025-11-25T13:52:16+00:00","description":"Fabricamos y distribuimos carbonato c\u00e1lcico para diferentes usos. Filler para mortero y hormig\u00f3n. Usos agr\u00edcolas, ganaderos e industriales.","breadcrumb":{"@id":"https:\/\/kitdeinicio.com\/canteras\/productos\/fabricante-carbonato-calcico\/#breadcrumb"},"inLanguage":"es","potentialAction":[{"@type":"ReadAction","target":["https:\/\/kitdeinicio.com\/canteras\/productos\/fabricante-carbonato-calcico\/"]}]},{"@type":"ImageObject","inLanguage":"es","@id":"https:\/\/kitdeinicio.com\/canteras\/productos\/fabricante-carbonato-calcico\/#primaryimage","url":"https:\/\/kitdeinicio.com\/canteras\/wp-content\/uploads\/2025\/10\/Grupo-323.png","contentUrl":"https:\/\/kitdeinicio.com\/canteras\/wp-content\/uploads\/2025\/10\/Grupo-323.png","width":410,"height":623,"caption":"Distribuidor de carbonato c\u00e1lcico en La Rioja y alrededores"},{"@type":"BreadcrumbList","@id":"https:\/\/kitdeinicio.com\/canteras\/productos\/fabricante-carbonato-calcico\/#breadcrumb","itemListElement":[{"@type":"ListItem","position":1,"name":"Portada","item":"https:\/\/kitdeinicio.com\/canteras\/"},{"@type":"ListItem","position":2,"name":"Productos","item":"https:\/\/kitdeinicio.com\/canteras\/productos\/"},{"@type":"ListItem","position":3,"name":"Fabricante de carbonato c\u00e1lcico"}]},{"@type":"WebSite","@id":"https:\/\/kitdeinicio.com\/canteras\/#website","url":"https:\/\/kitdeinicio.com\/canteras\/","name":"Canteras Fernandez Pascual","description":"Cantera de \u00e1ridos calizos en La Rioja","publisher":{"@id":"https:\/\/kitdeinicio.com\/canteras\/#organization"},"potentialAction":[{"@type":"SearchAction","target":{"@type":"EntryPoint","urlTemplate":"https:\/\/kitdeinicio.com\/canteras\/?s={search_term_string}"},"query-input":{"@type":"PropertyValueSpecification","valueRequired":true,"valueName":"search_term_string"}}],"inLanguage":"es"},{"@type":"Organization","@id":"https:\/\/kitdeinicio.com\/canteras\/#organization","name":"Canteras Fernandez Pascual","url":"https:\/\/kitdeinicio.com\/canteras\/","logo":{"@type":"ImageObject","inLanguage":"es","@id":"https:\/\/kitdeinicio.com\/canteras\/#\/schema\/logo\/image\/","url":"https:\/\/kitdeinicio.com\/canteras\/wp-content\/uploads\/2025\/10\/canteras-Fernamdez-LOGO-1.png","contentUrl":"https:\/\/kitdeinicio.com\/canteras\/wp-content\/uploads\/2025\/10\/canteras-Fernamdez-LOGO-1.png","width":146,"height":99,"caption":"Canteras Fernandez Pascual"},"image":{"@id":"https:\/\/kitdeinicio.com\/canteras\/#\/schema\/logo\/image\/"}}]}},"_hostinger_reach_plugin_has_subscription_block":false,"_hostinger_reach_plugin_is_elementor":false,"_links":{"self":[{"href":"https:\/\/kitdeinicio.com\/canteras\/wp-json\/wp\/v2\/pages\/573","targetHints":{"allow":["GET"]}}],"collection":[{"href":"https:\/\/kitdeinicio.com\/canteras\/wp-json\/wp\/v2\/pages"}],"about":[{"href":"https:\/\/kitdeinicio.com\/canteras\/wp-json\/wp\/v2\/types\/page"}],"author":[{"embeddable":true,"href":"https:\/\/kitdeinicio.com\/canteras\/wp-json\/wp\/v2\/users\/1"}],"replies":[{"embeddable":true,"href":"https:\/\/kitdeinicio.com\/canteras\/wp-json\/wp\/v2\/comments?post=573"}],"version-history":[{"count":46,"href":"https:\/\/kitdeinicio.com\/canteras\/wp-json\/wp\/v2\/pages\/573\/revisions"}],"predecessor-version":[{"id":1810,"href":"https:\/\/kitdeinicio.com\/canteras\/wp-json\/wp\/v2\/pages\/573\/revisions\/1810"}],"up":[{"embeddable":true,"href":"https:\/\/kitdeinicio.com\/canteras\/wp-json\/wp\/v2\/pages\/120"}],"wp:attachment":[{"href":"https:\/\/kitdeinicio.com\/canteras\/wp-json\/wp\/v2\/media?parent=573"}],"curies":[{"name":"wp","href":"https:\/\/api.w.org\/{rel}","templated":true}]}}